 81*d + 26 = 0. What is the remainder when 46 is divided by d?
20
Let g(f) = -3*f - 8. Suppose -3 = -3*p - 27. What is the remainder when 91 is divided by g(p)?
11
Let s(h) = -18*h + 2. Calculate the remainder when s(-3) is divided by (424/(-583))/(8/528*-3).
8
Let y = 49 + 200. Calculate the remainder when y is divided by (-117)/429 - 1390/(-55).
24
Suppose 0 = -2*t + 8, 5*k - 873*t = -877*t + 1111. What is the remainder when 435 is divided by k?
216
Let y(w) = -w**3 + 8*w**2 + 2*w - 1. Let r be y(8). Suppose 4*d + r = -d. What is the remainder when 10 is divided by -4 + (-1)/d + 384/36?
3
Let i(d) = d**2 - 10*d + 6. Let f be i(10). Suppose 4*a = -v + 13 - f, 80 = 5*v + 5*a. Calculate the remainder when 36 is divided by v.
17
Let z(w) = 3*w**2 + 2*w - 8. Let m(g) = -4*g - 159 + 10*g - g**2 + 155 - g**3. Let a be m(-3). What is the remainder when z(a) is divided by 18?
14
Let d = -18513 - -18662. What is the remainder when d is divided by 86?
63
Let g(r) = 726*r**3 - r**2 + 1. Calculate the remainder when g(1) is divided by 56.
54
Let v(f) = 61*f + 908. What is the remainder when v(-11) is divided by 93?
51
Calculate the remainder when 74 is divided by 184/(-46) + 24/2.
2
Let s(j) = j - 1. Let w be s(4). Calculate the remainder when (-2)/(8/(-158)) + 112/224 is divided by 6/w + -4 + 16.
12
Let j(d) = -d + 28. Let s(t) = -t + 14. Let h(u) = -6*j(u) + 11*s(u). Let a(r) = r**2 - 11*r + 13. Calculate the remainder when h(-10) is divided by a(11).
10
Suppose -4*p - 44 = -8*p - 3*h, -p + 11 = 3*h. What is the remainder when 101 is divided by 2 + p + -3 - 4 - -21?
20
Let u = 178 - 145. Let g(f) = 2*f**2 + 8*f - 1. Let t be g(-7). Let v = -22 + t. What is the remainder when u is divided by v?
14
Let p = 3689 + -3630. What is the remainder when p is divided by 4?
3
What is the remainder when 2825 is divided by ((-296)/16 + 8)/(3/(-8))?
25
Let u = -63 - -68. Suppose -f = -5*z + 411, u*f + 0*f = 4*z - 312. Let q = z + -64. What is the remainder when q is divided by 15?
4
Suppose 3*j - 5*j = -10. Suppose -g + j*g = 20. Let z(l) = -2*l**2 + 31*l + 338. What is the remainder when z(-7) is divided by g?
3
Let z(f) = -f**3 + f**2 - 2*f - 7. Let p be z(0). Let q = 10 + p. Suppose -q*y - 15 + 66 = 0. Calculate the remainder when y is divided by 5.
2
Let y(v) be the first derivative of -v**3/3 + 5*v**2/2 - 4*v + 6. Let t be y(3). Let x(p) = 29*p - 4. Calculate the remainder when x(t) is divided by 11.
10
Let t(c) = -631*c + 1497. What is the remainder when t(-3) is divided by 79?
72
Let t(r) = 3*r**2 - 39*r**3 + 9 + 322*r**3 - 3 - 7. Suppose -2*w = -3*v + 151 + 3, -3*v - 4*w = -124. What is the remainder when t(1) is divided by v?
45
Suppose 447*z = 466*z - 988. What is the remainder when z is divided by ((-54)/4)/((-4)/8)?
25
Let r(m) = -m**2 - 18*m + 27. Let w be r(16). Let h = 525 + w. Calculate the remainder when 486 is divided by h.
6
Suppose 6150 = 471*q - 441*q. Calculate the remainder when q is divided by 107.
98
Let x(t) = 18*t - 66. Let s be x(4). Suppose s*f = 363 + 519. What is the remainder when f is divided by 37?
36
Suppose -3*r = 5*m - 115, 8*m - 7*m - 5*r + 5 = 0. Suppose 3*w + j = -j + 313, 0 = 5*j + m. Calculate the remainder when w is divided by 4.
3
Let p = -42 - -8. Let r = p + 62. Suppose 0*y - 45 = -3*y. What is the remainder when r is divided by y?
13
Suppose 0 = -20*x + 6*x + 168. Calculate the remainder when (-58 - 2)*330/(-88) is divided by x.
9
Suppose 0 = -67*t + 11*t + 10072 - 1336. Calculate the remainder when 387 is divided by t.
75
Let t(g) = -g**2 + 30*g + 11. Let i be t(25). Let r = -93 + i. Calculate the remainder when 7/((-21)/12) - -172 is divided by r.
39
Suppose -h - 1448 + 510 = -68*h. Calculate the remainder when 3777 is divided by h.
11
Suppose 0 = -4*a + 2*q - 825 - 369, -3*a - 895 = -2*q. Let t = a + 406. Calculate the remainder when t is divided by 15.
2
Suppose t = -4*t + 20. Let u be 2 - (0 - -4 - t). Suppose 5*x = -2*s + 51 + 5, -u*x = -5*s - 5. Calculate the remainder when 36 is divided by x.
6
Suppose 3*c - 1119 = -936. Suppose -3*o - 4*n = -c, 3*o + 2*o + 5*n - 95 = 0. What is the remainder when 35 is divided by o?
5
Suppose -8 = -4*r + 2*b, 92*r - 88*r + 5*b + 20 = 0. Suppose 0 = 5*i - r*i + 4*q - 1147, -5*q = 5*i - 1150. What is the remainder when i is divided by 23?
20
Calculate the remainder when 183 is divided by (1 - 1) + 93 - -3*(-84 + 85).
87
Suppose 0 = 2328*x - 2284*x - 27500. Calculate the remainder when x is divided by 28.
9
Let j(l) = l + 23. Let g(p) be the third derivative of -p**5/60 + 17*p**4/24 + p**3/6 - 4*p**2 + 29. Calculate the remainder when g(14) is divided by j(0).
20
Suppose -3*w = -8*w + 65. Let u be (-2 - -2)*(1 - (-1 - -3)). Suppose 3*o = -u*o + 111. What is the remainder when o is divided by w?
11
Let o(a) = -2*a**2 - 10*a + 5. Let q be o(-5). Suppose 4*y = h + 4*h + 71, q*y - 3*h - 79 = 0. Let b = 4 - 1. What is the remainder when y is divided by b?
2
Let k(o) be the third derivative of 223*o**6/120 - o**5/20 - o**4/8 + 5*o**3/6 + o**2 + 1. What is the remainder when k(1) is divided by 16?
14
Suppose 34*w = 35*w + 6, -3355 = -5*r + 5*w. Calculate the remainder when r is divided by 326.
13
Let r = -25 + 7. Let b = 23 + -56. Let z = r - b. Calculate the remainder when 29 is divided by z.
14
Suppose t + 3*z - 37 = -2*z, -116 = -4*t - 4*z. Let y(a) = -4*a**3 - 2*a**2 + a + 50. What is the remainder when y(0) is divided by t?
23
Let g = 18519 - 17119. Calculate the remainder when g is divided by 41.
6
Suppose 0 = -5*b - 6*a + 4*a + 41, 3*b = 3*a + 12. Suppose -1088 = -10*l - b*l. Calculate the remainder when 255 is divided by l.
63
Let b = 16396 + 8773. What is the remainder when b is divided by 58?
55
Suppose 2*u - 4*f - 830 = 0, 12 = -3*f - 6. Calculate the remainder when u is divided by 202.
201
Let r = 64 - 30. Let i = -129 + 363. What is the remainder when i is divided by r?
30
Suppose -31*p + 69*p - 32*p - 84 = 0. What is the remainder when 166 is divided by p?
12
Calculate the remainder when 394 is divided by 10/(-8) - (-10323)/444.
20
Suppose 3*d = 3*w - 45, w = -4*d + 22 + 18. Calculate the remainder when 3539 is divided by w.
19
Calculate the remainder when 321 is divided by (2/(-12))/(164/(-302088)).
14
Let i(h) = -291*h**2 + 4*h - 6. Let r be i(2). Let d = -799 - r. What is the remainder when d is divided by 13?
12
Let w = -422 - -440. What is the remainder when 5956 is divided by w?
16
Let m be 176/10 - 39/65. Suppose 4*r + h + 39 = -m, 4*r + 80 = 5*h. Let u = r - -48. What is the remainder when u is divided by 18?
15
Let a = 1961 + -1957. What is the remainder when 657 is divided by a?
1
Let v = -644 - -657. Suppose v*a + 100 = 38*a. What is the remainder when 60 is divided by a?
0
Let b(t) = 664*t - 4629. What is the remainder when 1756 is divided by b(7)?
8
Suppose -36 = 11*d - 630. Let y(m) = m - 9. Let j be y(9). Suppose j = -5*q + 7 + 133. What is the remainder when d is divided by q?
26
Suppose -104*u + 3436 = -3428. Calculate the remainder when 6796 is divided by u.
64
Let v(n) = 2*n**3 - 3*n**2 - 47*n + 198. Calculate the remainder when 251 is divided by v(5).
113
Suppose -1442 = -5*b - 4*n, 1445 = 131*b - 126*b + 5*n. What is the remainder when 888 is divided by b?
30
Suppose -10808 + 8312 = -64*y. Calculate the remainder when 3074 is divided by y.
32
Suppose -2*c = i - 139, -i + 4*c + 48 = -109. What is the remainder when 283 is divided by i?
138
Let k = -78 - -37. Let c = k + 72. Let m(z) = -z**3 - 4*z**2 + 3*z + 6. Calculate the remainder when c is divided by m(-5).
15
Let o(j) be the second derivative of -23*j**3/6 - 147*j**2/2 - 87*j. Calculate the remainder when 332 is divided by o(-8).
36
Let n(u) = -2*u**2 + 3*u + 62. What is the remainder when 6504 is divided by n(5)?
24
Let p(q) = 17*q + 11. Let l be p(6). Let g = l - 93. Calculate the remainder when 76 is divided by g.
16
Let b be (1280/15 - -2)*15. Suppose 16*s = b + 1618. Calculate the remainder when s is divided by 17.
13
What is the remainder when 1396 is divided by 62749/1703 - (-6)/39?
27
Let j(x) = -25*x**3 + 2*x**2 - 1. Let s(d) = 74*d + 249. What is the remainder when s(-2) is divided by j(-1)?
23
Suppose 204 = 7*c - 188. Suppose 8*l = 16*l - c. What is the remainder when 18 is divided b